+ 29*k. Suppose 0 = -3*j - 5*q + 37, -4*j + q + 27 + 7 = 0. Calculate r(j).
3
Let v = -1 - 0. Let o(x) be the third derivative of -x**5/30 + 211*x**2 - x - 1. Calculate o(v).
-2
Let l(n) be the first derivative of 1/6*n**3 + 2/15*n**5 + n**2 + 0*n + 1 + 1/12*n**4. Let k(y) be the second derivative of l(y). Determine k(-1).
7
Let y(x) = 21 + 7*x + 0*x + 8*x - 6. Let u(m) = -7*m - 7. Let v(l) = 13*u(l) + 6*y(l). Let z be (-1 + 1)/(13 + -11). What is v(z)?
-1
Let d(j) = -4*j - 4. Let x(g) = -7*g - 1. Let y(t) = -6*t - 1. Let b(v) = 5*x(v) - 6*y(v). Let a(s) = 5*b(s) + d(s). Calculate a(-1).
0
Let s(q) = -q**2 + q. Let v(a) = 5*a**2 + 2*a - 10. Let p(i) = 2*i**2 + i - 5. Let f(z) = 5*p(z) - 3*v(z). Let u(y) = -f(y) + 4*s(y). What is u(-5)?
-5
Suppose 12 = 33*q - 30*q. Let n(j) = 4*j - q*j + 6 + 2*j - 3*j. Give n(5).
1
Let a(l) = -6*l**2 + 4*l**2 - 5*l - 18 + 13 + 0*l**2. Let y be a(-2). Let q(j) = 2*j + j**2 - j**3 + 3 - 4*j + 2*j**3. Determine q(y).
-9
Let s(n) be the first derivative of -5*n**2/2 - 1. Suppose 7*u = 9*u. Suppose u = 2*g + 3*g - 5. Calculate s(g).
-5
Suppose -5*l = 2*p - 0*l - 18, -5*l + 26 = 4*p. Let n(b) be the third derivative of 1/60*b**5 + 0 + 0*b - 1/2*b**3 + 1/8*b**4 + p*b**2. What is n(-4)?
1
Let l(h) = -3*h - 47. Let o be l(-14). Let t(f) = -3*f**2 - 1 - 6 - 3*f**2 - f**3 - 6*f. Calculate t(o).
-2
Suppose 5*z = 5*b - 2*b - 14, -2*b - 3*z = -3. Let r(d) = d**b - 2 - 4*d - d**2 - 6*d**2 + 3*d**2. Calculate r(5).
3
Let x(q) = 0 + 8 - 25*q**3 - 2*q + 14*q**3 + 12*q**3 - 5*q**2 - 6. What is x(5)?
-8
Let c(v) = -v + 1. Let y(f) = 5*f + 10. Let u(p) = 4*c(p) + y(p). Determine u(-7).
7
Let i(y) be the third derivative of -y**5/60 + y**4/24 + 2*y**3/3 + 2*y**2 - 3161. Suppose 0*t - 4*t + 4*p = 0, 2*p = -3*t. Determine i(t).
4
Let c(l) = l**2 - 8*l + 9. Let h be c(4). Let a(b) = -b**2 - 4*b + 10. Determine a(h).
-11
Suppose -15 = -v - 3*d, -2*d - 57 = -5*v - 16. Let j(s) = 32 + 14*s - v - 9 - 15. Calculate j(1).
13
Let o(m) be the second derivative of m**4/12 - m**3/2 - m**2/2 - 57*m. Determine o(3).
-1
Let h(v) = v**3 + 4*v**2 + 5. Suppose 5*a = -5*z + 35 + 5, 4*a = 4*z + 8. Suppose y = 2*q - 7*q - 19, -5*y + 17 = -3*q. Let n = y - a. Calculate h(n).
5
Let r be (-11)/(-22) + (-9)/(-2). Let d(q) = q**3 - 4*q**2 - 3*q - 7. Let n be d(r). Suppose 3*m + n = -0*m. Let a(t) = t**3 + 2*t + 1. Calculate a(m).
-2
Let q(y) = -7*y + 1. Let i = 123 + -116. Let m = i - 6. What is q(m)?
-6
Let u(w) = w**3 - 6*w**2 - 5. Let s(a) = -a**2 - 27*a - 170. Let t be s(-16). Give u(t).
-5
Let h(o) = o**3 - 12*o**2 - 2*o + 13. Suppose 0 = -80*w + 88*w - 96. Give h(w).
-11
Let t(z) = 992*z + 6 + 3*z**2 - 5*z**2 - 1011*z. Let r be t(-10). Let i(p) = -2*p + 4. What is i(r)?
12
Let k(j) = 4*j**3 + j**2 - 4*j - 19. Let u(n) = n**3 - n - 1. Let q(s) = k(s) - 3*u(s). Let d be 3/18 + (-2)/12. What is q(d)?
-16
Suppose -4*k - 15 = -19. Let c(u) = 17*u. Give c(k).
17
Let j(i) = 579*i - 3 - 12*i**2 + 2*i**3 - 581*i + 0*i**3 + i**3 - 4*i**3. Give j(-12).
21
Let f(k) = -2*k + 6. Let b be f(6). Let j(n) = 11*n - 1 - 39*n + 12*n + 12*n. Determine j(b).
23
Let u(a) = -40*a**2 + a. Let y(o) = o**2 + 29*o + 101. Let j be y(-25). Calculate u(j).
-39
Suppose -5*g - 4*r - 7 = 0, -2*g + r = -4 - 1. Let v(j) = 7*j - 1. Give v(g).
6
Let s(f) = -9*f - 165. Let z be s(-20). Let m(t) = t**2 - 16*t + 15. Give m(z).
0
Let w(y) = -y**2 + 8*y + 21. Let o be w(10). Let p(f) = 19*f + 1. Calculate p(o).
20
Let j(p) be the second derivative of p**4/12 + 5*p**3/6 + 3*p**2 - 2*p. Let q be 5/2*3*(-2 - -6). Suppose 35*w - 29*w = -q. Determine j(w).
6
Suppose -15*u + 9*u + 228 = 0. Let l(d) = u*d**2 - 44*d**2 + d + 24*d**2. Calculate l(-1).
17
Suppose -2*x = -3*k + 9, 0 = 2*x - 5*k - 7 + 26. Let n(f) = 2*f - 9. Let h be n(6). Let w(d) = 3*d**2 - 3*d + h - d**2 + 10*d + x*d**2 - d**3. Give w(6).
9
Suppose 0 = 46*x + 275 + 47. Let z(t) = -t**2 + t. Let f(u) = -u**3 - 13*u**2 + 6*u - 7. Let j(k) = f(k) - 6*z(k). Give j(x).
-7
Let k(f) = -5 - 175*f + 60*f + 58*f + 60*f. What is k(7)?
16
Let b(f) = 7*f + 3*f**2 - 5*f**2 - 2*f + 8 + f**2. Let w(p) = -3*p - 4 + p**2 - 2*p + 3 - 8. Let s(l) = -7*b(l) - 6*w(l). What is s(4)?
-6
Let i(b) be the third derivative of b**7/5040 - b**6/120 - b**5/12 - 2*b**2. Let o(v) be the third derivative of i(v). What is o(-6)?
-12
Let p(o) be the second derivative of 2*o**3/3 - o**2/2 - 22*o. What is p(0)?
-1
Let b(m) = m + 2 - 11 + 4. Let k(y) = 2*y + 28. Let j be k(-16). What is b(j)?
-9
Suppose 0 = -4*g - 3*k + 20, 4*k = 7*k - 12. Let s(h) = h**2 + 4*h + 3. Let a be s(-4). Let x(f) = -7*f + a*f + 2*f - 1. Determine x(g).
-5
Let b(o) be the first derivative of -o**2 - 2*o - 33 + 1/3*o**3. What is b(3)?
1
Suppose -5*r - 42 = -0*w - w, -4*w = r. Let i(n) = 2*n + 5. Give i(r).
-11
Let c(o) = -4*o**2 + 15*o - 4. Let p be c(2). Let i(a) = -a**3 + 9*a**2 + 10*a + 9. Give i(p).
9
Let f(a) = 38*a**2 + 65*a**2 - 3*a - 102*a**2 + 2. Calculate f(-3).
20
Let a(f) be the second derivative of 0 + 0*f**4 - 7*f - 1/2*f**2 - 1/20*f**5 + 0*f**3. Give a(-2).
7
Let p(w) be the first derivative of w**4/4 - 3*w**2/2 + 3*w - 82. Let m(r) = r**2 - 5*r - 4. Let t = -14 - -20. Let k be m(t). Calculate p(k).
5
Let w(h) = h**2 + 7*h + 3. Suppose -c = -3*j + 35, -c + 3*c + 4 = 0. Let x(l) = -6*l**2 - 36*l - 16. Let b(n) = j*w(n) + 2*x(n). Determine b(4).
5
Let l(o) = o**2 - 3*o - 1. Suppose -3 = -q, 4*a - 24*q - 33 = -27*q. Give l(a).
17
Let u(i) = -4*i**2 - i - 1. Let a(q) = -q - 1. Let p(g) = -5*g - 19. Let v(s) = 6*a(s) - p(s). Let l be ((-21)/(-12))/((-1)/(-8)). Let w be v(l). Give u(w).
-4
Suppose -2*y - 3*g + 33 = 3*y, 3*y + 2*g = 19. Let c(p) = -p**2 + 10*p - 1934 + 1930 - p. Determine c(y).
-4
Suppose 0 = -5*q - 24 + 14. Let n(d) = 2*d**3 + 4*d**2 - 1. Determine n(q).
-1
Suppose 5*w + 41 = -f, 3*f = -5*w + 4*w + 3. Let a(s) = -s**3 - 10*s**2 - 9*s - 7. Calculate a(w).
-7
Let x(y) = -2*y - 17. Suppose 291*j - 300*j = 63. Calculate x(j).
-3
Let h(v) = v**3 - 6*v**2 + 2*v + 5. Suppose n - 4 = -3. Let o be 198/66 - ((n - 2) + -1). Determine h(o).
-10
Let c be (0 - -1)/(4/12). Let l(a) = -5 - 4*a**c + 6 + 4*a**2 + 3*a**3. Determine l(3).
10
Let y(r) = -r**3 - 11*r**2 + 11*r - 9. Let w(v) = 28*v + 268. Let x be w(-10). Determine y(x).
3
Let v(h) = 9*h + 5. Let o(y) = 2*y. Let p(l) = -5*o(l) + v(l). What is p(2)?
3
Let j(c) = -c + 10. Let l be -4*(-3 + 4/2). Suppose -60 = -l*n + 20. Suppose -7*h = -3*h - n. Determine j(h).
5
Let z(m) = -m**2 + 44. Let w be z(-7). Let j(f) = 5*f**3 - f**3 - 2*f + 12*f**2 - 5*f**3 + 7 - 18*f**2. Calculate j(w).
-8
Let z(a) be the second derivative of -4*a**2 + 1/12*a**4 + 1/3*a**3 + 0 + 44*a. Suppose 0 = 2*m - m + 6. Calculate z(m).
16
Let u(y) = -11*y - 3*y**2 - 2625*y**3 - 2626*y**3 + 5252*y**3 + 7. What is u(5)?
2
Let a(g) = g**3 - 5*g**2 - 6*g + 1. Suppose -5*r + 26 = -4. Determine a(r).
1
Let n(h) = h + 3. Let s(o) = -o**3 - 3*o**2 + 3*o - 3. Let x be s(2). Let m = x + 13. Let t be n(m). Let l(f) = 2*f. Give l(t).
-2
Let k(f) = f**3 + f**2 - f. Let b be k(-2). Let r(s) be the second derivative of -s**5/20 - s**4/3 - 2*s**3/3 - s**2 - 10*s - 11. Determine r(b).
-2
Let h(s) be the third derivative of s**6/120 - s**5/30 - s**4/8 - 2*s**3/3 + 15*s**2. Suppose -9 - 3 = -3*g. Give h(g).
16
Let t(s) = -s**2 - 15*s + 222. Let u be t(9). Let v(w) = w**2 - 4*w + 7. What is v(u)?
19
Let i(p) be the second derivative of -2*p + 1/4*p**4 + 1/6*p**3 + 0*p**2 + 1/10*p**5 + 0. Let f(t) = -2*t**2 + 31*t + 68. Let k be f(-2). Give i(k).
-6
Let a(d) = -2*d - 7 + 14*d - 11*d. Calculate a(4).
-3
Let w(v) = v**3 - 8*v**2 - 9*v - 6. Let c be w(9). Let i(o) = -3*o - 11. Give i(c).
7
Let x(v) be the third derivative of -v**4/12 - 4*v**3/3 + 3*v**2. Suppose 8 = 2*d - 0*o + 5*o, -4 = -o. What is x(d)?
4
Let d(p) = -p**2 + 20*p - 57. Let t be d(16). Let f(r) = -r**3 + 6*r**2 + 6*r - 10. Calculate f(t).
-17
Let c(x) = x**3 - x. Let d(s) = -s + 1 - 7 + 0. Let j be (2 - (9 + -1))/1. Let p be d(j). Give c(p).
0
Let u(i) = i - 17. Let k(v) = -8*v + 96. Let q be k(11). What is u(q)?
-9
Let k(p) = p**3 + 8*p**2 - 11*p + 3. Let l = -622 - -613. Give k(l).
21
Let b(a) = -a**3 + 11*a**2 + 12*a + 20. Let k be b(12). Let p be 8/(-5) - k/50. Let l = p + 2. Let j(s) = s**2 + 8. Calculate j(l).
8
